{"id":21,"date":"2013-11-12T19:44:21","date_gmt":"2013-11-12T18:44:21","guid":{"rendered":"http:\/\/wasserschloss-loifling.de\/?page_id=21"},"modified":"2023-01-04T15:30:38","modified_gmt":"2023-01-04T14:30:38","slug":"home","status":"publish","type":"page","link":"http:\/\/wasserschloss-loifling.de\/?page_id=21","title":{"rendered":"Geschichte des Schlosses"},"content":{"rendered":"<p>Das ehemalige Wasserschloss ist seit 1988 in Besitz der Gemeinde Traitsching. Die einstige Burg Loifling war Mittelpunkt einer jener 22 Hofmarken und Landsasseng\u00fcter, die um 1488 in der Umgebung Chams bestanden und zum Teil noch heute an die fr\u00fche mittelalterliche Bedeutung der Gegend um die einstige Reichsburg erinnern. Der Stammsitz derer von Loifling wird schon um 1150 mit Hermann, einem diepoldingischen Ministerialen und Sohn des Wolfram von Lewflingen, greifbar. Vom Beginn des 15. bis 19. Jahrhundert, 400 Jahre lang, war Loifling dann im Besitz der adeligen Familie der Freiherrn von Poi\u00dfl von und zu Loifling, Herren auf Loifling, Haunkenzell und Stallwang, wie ihr voller Titel nach 1697 lautete.<\/p>\n<p><a href=\"http:\/\/wasserschloss-loifling.de\/wp-content\/uploads\/2013\/11\/CHA-Traitsching-Wasserschloss_front_large5.jpg\"><img loading=\"lazy\" decoding=\"async\" src=\"http:\/\/wasserschloss-loifling.de\/wp-content\/uploads\/2013\/11\/CHA-Traitsching-Wasserschloss_front_large5-800x400.jpg\" class=\"aligncenter size-frontpage_image wp-image-27\" alt=\"CHA-Traitsching-Wasserschloss_front_large\" width=\"800\" height=\"400\"><\/a><\/p>\n<p>Die Poi\u00dfl, die in Chamm\u00fcnster ihr Erbbegr\u00e4bnis hatten, haben das heutige Aussehen der einstigen, im Kern noch sp\u00e4tmittelalterlichen Wasserburg nachhaltiger gepr\u00e4gt als alle anderen. Bedeutungsvoll war vor allem der in j\u00fcngster Zeit auch dendrochronologisch belegte, eingreifende Umbau von 1457 unter Ulrich Poi\u00dfl, der zwischen 1448 und 1457 herzoglicher Amtskastner in Cham war und an den der Wappenstein mit der Jahreszahl und den Namen Ulreich Poyssel in gotischen Buchstaben au\u00dfen an der Kapelle erinnert. Diese ist jetzt in den Seitenfl\u00fcgel integriert und stammt in der heutigen Form mit ihrem kleinen \u00fcberkuppelten Dachreiter wahrscheinlich aus der 1. H\u00e4lfte des 18. Jahrhunderts. Auf den mittelalterlichen Baubestand geht dagegen der dreigeschossige, kubische Hauptwohnbau des Schlosses mit seinem Walmdach und dem halbrunden Turm zur\u00fcck, bei dem sich noch sogenannte Spatenscharten finden: schlitzf\u00f6rmige Schie\u00dfscharten mit breiterem, spatenf\u00f6rmigen Fu\u00df.<\/p>\n<p><a href=\"http:\/\/wasserschloss-loifling.de\/wp-content\/uploads\/2013\/11\/Das-Tor-1414944b.jpg\"><img loading=\"lazy\" decoding=\"async\" src=\"http:\/\/wasserschloss-loifling.de\/wp-content\/uploads\/2013\/11\/Das-Tor-1414944b.jpg\" class=\"aligncenter size-full wp-image-23\" alt=\"Das Tor-1414944b\" width=\"145\" height=\"117\"><\/a><\/p>\n<p>Ulrich I. Poy\u00dfl hat im Jahre 1456 die Schlosskapelle St. Johann Baptist gebaut, die nach mehrfacher Erweiterung im Laufe der Jahrhunderte und nunmehriger v\u00f6lliger Renovierung seit 1994 sich wieder im neuen Glanze pr\u00e4sentiert. F\u00fchrungen durch das Schloss und die Schlosskapelle, in der auch Gottesdienste abgehalten werden und Andachten m\u00f6glich sind, werden nach vorheriger Anmeldung bei der Gemeinde durchgef\u00fchrt.<\/p>\n<p><a href=\"http:\/\/wasserschloss-loifling.de\/wp-content\/uploads\/2013\/11\/Das-Schloss-von-aussen.jpg\"><img loading=\"lazy\" decoding=\"async\" src=\"http:\/\/wasserschloss-loifling.de\/wp-content\/uploads\/2013\/11\/Das-Schloss-von-aussen-640x400.jpg\" class=\"aligncenter size-frontpage_image wp-image-26\" alt=\"Das Schloss von aussen\" width=\"640\" height=\"400\"><\/a><\/p>\n<p>Ein weiterer Spross aus der Adelsfamilie der Poy\u00dfl auf Loifling verdient Erw\u00e4hnung, n\u00e4mlich der am 15. Februar 1783 geborene Johann Nepomuk v. Poy\u00dfl. Er starb als Hofmusik- und Hoftheaterintendant im Ruhestand am 17. August 1865 und hinterlie\u00df ein reiches musikalisches Erbe. Als Zeitgenosse Karl Maria v. Webers verfasster er 14 Opern, viele Oratorien und Werke der Kirchenmusik, die im Wasserschloss wieder zur Auff\u00fchrung kommen.<\/p>\n<p>&nbsp;<\/p>\n","protected":false},"excerpt":{"rendered":"<p>Das ehemalige Wasserschloss ist seit 1988 in Besitz der Gemeinde Traitsching. Die einstige Burg Loifling war Mittelpunkt einer jener 22 Hofmarken und Landsasseng\u00fcter, die um 1488 in der Umgebung Chams bestanden und zum Teil noch heute an die fr\u00fche mittelalterliche Bedeutung der Gegend um die einstige Reichsburg erinnern. Der Stammsitz derer von Loifling wird schon &hellip; <a href=\"http:\/\/wasserschloss-loifling.de\/?page_id=21\" class=\"more-link\"><span class=\"screen-reader-text\">Geschichte des Schlosses<\/span> weiterlesen <span class=\"meta-nav\">&rarr;<\/span><\/a><\/p>\n","protected":false},"author":1,"featured_media":0,"parent":0,"menu_order":0,"comment_status":"closed","ping_status":"closed","template":"","meta":{"footnotes":""},"class_list":["post-21","page","type-page","status-publish","hentry"],"_links":{"self":[{"href":"http:\/\/wasserschloss-loifling.de\/index.php?rest_route=\/wp\/v2\/pages\/21","targetHints":{"allow":["GET"]}}],"collection":[{"href":"http:\/\/wasserschloss-loifling.de\/index.php?rest_route=\/wp\/v2\/pages"}],"about":[{"href":"http:\/\/wasserschloss-loifling.de\/index.php?rest_route=\/wp\/v2\/types\/page"}],"author":[{"embeddable":true,"href":"http:\/\/wasserschloss-loifling.de\/index.php?rest_route=\/wp\/v2\/users\/1"}],"replies":[{"embeddable":true,"href":"http:\/\/wasserschloss-loifling.de\/index.php?rest_route=%2Fwp%2Fv2%2Fcomments&post=21"}],"version-history":[{"count":8,"href":"http:\/\/wasserschloss-loifling.de\/index.php?rest_route=\/wp\/v2\/pages\/21\/revisions"}],"predecessor-version":[{"id":786,"href":"http:\/\/wasserschloss-loifling.de\/index.php?rest_route=\/wp\/v2\/pages\/21\/revisions\/786"}],"wp:attachment":[{"href":"http:\/\/wasserschloss-loifling.de\/index.php?rest_route=%2Fwp%2Fv2%2Fmedia&parent=21"}],"curies":[{"name":"wp","href":"https:\/\/api.w.org\/{rel}","templated":true}]}}